se -3*b - 4 = j - 14, -l*b = 4. List the prime factors of j.
2
Let d = -48 - -52. List the prime factors of d/(-10) + ((-14063)/35)/(-7).
3, 19
Let q(g) = -g**3 - 2*g**2 + g + 2. Let m be q(-1). Suppose 4*a + s - 67 = m, 3*a - 5*s + 26 = 82. What are the prime factors of a?
17
Let r(m) = m**3 - 6*m**2 - 3*m - 8. Suppose 0 = -2*f + 6*f - 24. Let h be r(f). Let o = h + 56. List the prime factors of o.
2, 3, 5
What are the prime factors of 12/(-15) + (-7 - 191282/(-65))?
5, 587
Let w(o) be the first derivative of -2*o**2 - 4*o - 11. List the prime factors of w(-15).
2, 7
Suppose 0 = -3*r - 2*r + 135. Let m = -73 - -75. Suppose -m*n + 41 + r = 0. List the prime factors of n.
2, 17
Suppose 0*u + 3*u - 42 = 0. What are the prime factors of (5 - 4) + 9/6*u?
2, 11
Let f(x) = x**3 - 3*x**2 - 5*x + 6. Let h be f(4). What are the prime factors of (15 + 287)*1/h?
151
Let o = -46 + 517. Let h = o + -320. What are the prime factors of h?
151
Let c(u) = 0 + 8 - u**2 + 0*u**2 + 3*u - 9*u. Let o be c(7). Let v = -48 - o. What are the prime factors of v?
5, 7
Let k(r) = r**2 - 2*r. Let p be k(4). Let u(g) = -p*g**2 + 9*g**2 + 0*g**2 - 6 + 2*g. What are the prime factors of u(4)?
2, 3
Suppose -4*m = -4 + 4. Suppose j + 6*j - 595 = m. List the prime factors of j.
5, 17
Let v be -5 - (-2 - (-20)/4). Let o(d) = -d**3 - 7*d**2 + 4*d - 3. What are the prime factors of o(v)?
29
Let w be -19*3*1/(-3). Let r = 3 - 2. Let i = w - r. List the prime factors of i.
2, 3
Suppose 0 = 2*c - 6*c + 504. Suppose 9*f - c = 6*f. List the prime factors of f.
2, 3, 7
Let b(v) = 14*v**2 - 4*v - 45. List the prime factors of b(-6).
3, 7, 23
Let v = 2355 + -535. What are the prime factors of v?
2, 5, 7, 13
Suppose -6 = -3*s + 18. Let j be ((-15)/(-20))/(2/s). Suppose 3*z + 58 = b + 4*z, -3 = -j*z. What are the prime factors of b?
3, 19
Suppose 0 = n + n - 6. Suppose 64 = n*i + i. What are the prime factors of i?
2
Suppose -14*y - 5*o = -12*y - 2823, -3*y = -2*o - 4282. List the prime factors of y.
2, 89
Suppose 2111 + 301 = 6*d. List the prime factors of d.
2, 3, 67
Let i be (-280)/(-3) + (-6)/(-9). Suppose 5*h - 234 = -i. List the prime factors of h.
2, 7
Suppose -2*o - 10 = -3*o. Let v = o - -3. Suppose -v = -2*b + 25. What are the prime factors of b?
19
Let j be (1 + 1)*(1 - 1/(-2)). Suppose -3*u - 290 = -j*d + 52, 5*u = -4*d + 420. What are the prime factors of d?
2, 5, 11
Suppose 2*m = -4*h - m + 48, h = -m + 12. Suppose 121 = 5*l - o, 127 + 6 = 5*l + 2*o. Let x = l + h. What are the prime factors of x?
37
Let a(d) be the first derivative of -3*d**2 - 1/4*d**4 - 4/3*d**3 - 9 - d. List the prime factors of a(-5).
2, 3
Let u(q) = q + 12. Let b be u(0). Let d(o) = -o**2 + 12*o + 2. Let j be d(b). Suppose 3*t - 205 = -j*t. What are the prime factors of t?
41
Let d(t) be the first derivative of -t**4/4 - 5*t**3/3 - 33*t**2/2 + 2*t - 16. What are the prime factors of d(-7)?
331
Let l(f) = 17*f**3 - 18*f**3 - f + 12*f**2 - 16 + 7*f. What are the prime factors of l(12)?
2, 7
Let i(z) = -21*z + 3. Let c be i(-6). Suppose -180 = -111*r + 114*r. Let d = r + c. What are the prime factors of d?
3, 23
Suppose -185 = -4*i + 7. List the prime factors of i.
2, 3
Suppose -15 = -3*a, 8709 = 4*g - 12*a + 13*a. List the prime factors of g.
2, 17
Let a = -295 + 355. List the prime factors of a.
2, 3, 5
List the prime factors of (-8625)/(2 - 7) + -9.
2, 3, 11, 13
Let h(x) = -36*x + 1. Let q(w) = 109*w - 4. Let d(y) = -11*h(y) - 4*q(y). List the prime factors of d(-2).
5, 17
Let w be ((-17)/(-4))/((-43)/172). Suppose -9 + 48 = -3*c. Let j = c - w. List the prime factors of j.
2
Suppose 0 = 4*x + i + 4, -i = -2*x - 3*i - 2. What are the prime factors of (-126)/54*15/x?
5, 7
Let a = -8 - -11. Suppose a*u = -0*u + 156. Suppose p + 5*t = 13, u = 8*p - 4*p - 4*t. What are the prime factors of p?
13
Suppose -2*u - 15 = -51. List the prime factors of (-27)/u*(-57 + 1).
2, 3, 7
Suppose 3*j - j = 750. List the prime factors of j.
3, 5
Suppose -4*l + 8985 = 5*q, -3*q - 2*l + 5*l + 5364 = 0. What are the prime factors of q?
11, 163
Let i = 43 - 28. Suppose 791 = i*b - 394. What are the prime factors of b?
79
Suppose -4*u = u + 100. List the prime factors of (-972)/u + (-6)/10.
2, 3
Suppose -4*a + 22 = 3*y, -3*a - 5*y = 11 - 33. Suppose -3*s = -0*s, -2*p + a*s + 134 = 0. What are the prime factors of p?
67
Let v be 6/18 - (-2020)/6. Suppose -47 - v = -6*z. List the prime factors of z.
2
Let a be (44/(-8))/(2 - (-111)/(-54)). Let i = a + -78. List the prime factors of i.
3, 7
Suppose -499 = -2*j + l, -4*j - l + 704 + 309 = 0. Let a = -177 + j. List the prime factors of a.
3, 5
Let d(l) = 35*l**2 + l - 2. List the prime factors of d(-4).
2, 277
Suppose -2*m + 9 = -3*j, -5*j - 4 - 11 = 0. Let i = m - 0. What are the prime factors of -2*((-84)/8 + i)?
3, 7
Let r = -10 - -15. Suppose -a - r*a = -540. List the prime factors of a.
2, 3, 5
Let j be (-24)/(-6)*3/4. Suppose j*x - c + 156 = 4*c, c = -4*x - 208. Let q = -41 - x. List the prime factors of q.
11
Let q = -7341 + 10715. What are the prime factors of q?
2, 7, 241
Let f be 15/3*(-117)/15. Let s = f - -71. List the prime factors of s.
2
What are the prime factors of (-11 + (-266)/8)*-108?
3, 59
Suppose 0 = 5*p + p - 42. Suppose a = -p + 3. What are the prime factors of (44/(-10) - a)*-5?
2
List the prime factors of (-45381)/(-63) + (-3 - 55/(-15)).
7, 103
Suppose -13*z + 9*z - 52 = 0. Let l = z + 1. What are the prime factors of (22/(-4))/(l/24)?
11
Let l be 27 - 2 - (-2 + -2). Let z = l + -25. Suppose -c + 3*t + 11 = 0, 5*t = -c + z*c - 41. List the prime factors of c.
17
Let p(h) be the third derivative of 1/12*h**4 + 2*h**2 + 0*h - 2*h**3 + 0. What are the prime factors of p(8)?
2
Suppose -29*i + 52 = -25*i. What are the prime factors of i?
13
Suppose -4*c - 3*f = -19, -f + 5*f - 19 = c. What are the prime factors of (323 + c)*(-4)/(-8)?
2, 3
Let l be -181 + -2 + (-7)/((-14)/(-4)). Let r = l + 325. List the prime factors of r.
2, 5, 7
Suppose -5*z - 1 - 4 = 0. Let w be z/(1/(-38)) - 0. Suppose -3*q = g - w, -2*g - 70 = -5*q - 5*g. What are the prime factors of q?
11
Let b(y) = -49*y**2 - y. Let p be b(2). List the prime factors of p/(4 + -7) + 4.
2, 5, 7
Suppose 0 = u - 3*d + 3 - 2, -d = 4*u - 35. Suppose -u*g = -64 + 16. List the prime factors of g.
2, 3
Let z(j) = -5*j + 1. Let h be z(-1). Suppose 2*v - 612 = -4*n, -20 = -v + h*v. What are the prime factors of n/(-10)*(-1 + -1)?
31
What are the prime factors of 4492 + -10 - (-5)/5?
4483
Suppose -7*s - 1205 = -7743. List the prime factors of s.
2, 467
Let z(d) = d**2 + d - 12. Let k be z(-5). Let x(r) = -r**3 + 8*r**2 + 12*r - 3. What are the prime factors of x(k)?
3, 31
Let b(i) = -i**2 - 5*i + 8. Let p be b(-6). Suppose 0 = p*r - 201 - 43. Suppose -2*x + 2*h = -r, x - 107 + 40 = 3*h. What are the prime factors of x?
2, 29
Suppose 7*c - 9*c = -4. Suppose -11 = c*j - j. Let l = j + 38. List the prime factors of l.
3
Let t be 2/(-7) - 48/(-21). Suppose 0*i + i + z = t, -2*i = 3*z - 4. Suppose -5*s = h - 17, s - 11 = -h - i*s. What are the prime factors of h?
2
List the prime factors of (11 + -8)*(-10)/6 - -107.
2, 3, 17
Let v(z) = 2*z**2 - 14*z - 6. Let o be v(11). Suppose -3*s = -o - 461. Suppose -2*j - 107 = -3*d, 5*d - 2*j = 2*j + s. List the prime factors of d.
3, 11
Let s(r) = r**3 - 4*r**2 + 4*r - 1. Let f be s(3). Suppose f*a + 2*p + 25 = p, -29 = 2*a - 3*p. Let i = a + 27. List the prime factors of i.
2, 7
Let l be (2 - 3)*(-1 + -1 + 0). Suppose -2*p = -l*g + 3*g - 78, 4*g - 305 = -p. What are the prime factors of g?
2, 19
List the prime factors of (-7)/14*83*-12.
2, 3, 83
Let k be (3/(-6))/(-2 - 10/(-4)). What are the prime factors of 47*(-4)/4*k + 3?
2, 5
Let v = -19 - -20. What are the prime factors of (v - (-195)/9)*3?
2, 17
Let k = 12 - 23. Let c(y) = y**3 + 12*y**2 + 8*y - 12. Let d be c(k). Suppose d = 2*b - 5. List the prime factors of b.
13
Suppose 676 = 3*n - 560. List the prime factors of n.
2, 103
Suppose 0 = y - 2, -644 = -0*t - 2*t - 5*y. What are the prime factors of t?
317
Let q = 83 - 70. Suppose 18*t - 1100 = q*t. List the prime factors of t.
2, 5, 11
Let n(a) = -a + 331. Let w be n(0). Let x = 505 - w. List the prime factors of x.
2, 3, 29
Let s(b) = -11*b - 30. Let q be s(-3). Suppose